{"id":176,"date":"2025-06-24T04:52:36","date_gmt":"2025-06-24T04:52:36","guid":{"rendered":"https:\/\/server-82.de\/vugelbeerwochen\/?page_id=176"},"modified":"2025-06-24T05:29:55","modified_gmt":"2025-06-24T05:29:55","slug":"impressum","status":"publish","type":"page","link":"https:\/\/vugelbeerwochen.de\/index.php\/impressum\/","title":{"rendered":"Impressum"},"content":{"rendered":"<section  class='av_textblock_section av-mca1uxfw-94a308898e6dde92abfdcd30588f0727 '   itemscope=\"itemscope\" itemtype=\"https:\/\/schema.org\/CreativeWork\" ><div class='avia_textblock'  itemprop=\"text\" ><h2 style=\"text-align: center;\">Impressum<\/h2>\n<\/div><\/section>\n<section  class='av_textblock_section av-mca2grro-e33c4a6900d23b736e1a281a64aa17c6 '   itemscope=\"itemscope\" itemtype=\"https:\/\/schema.org\/CreativeWork\" ><div class='avia_textblock'  itemprop=\"text\" ><h2>Angaben gem\u00e4\u00df \u00a7 5 TMG:<\/h2>\n<p>Vugelbeerwochen<br \/>\nStra\u00dfe des 18. M\u00e4rz 2<br \/>\n08340 Schwarzenberg<\/p>\n<p>Tel.: <a title=\"Telefonnummer Wirtschafts- &#038; Gewerbeverein Schwarzenberg e.V. 03774 505999\" href=\"tel:+493774505999\">03774 50 59 99<\/a><br \/>\nMobile: 0173 20 92 24 7<br \/>\nE-Mail: <a title=\"E-Mail Wirtschafts- &#038; Gewerbeverein Schwarzenberg e.V.\" href=\"mailto:info@w-g-v.com\">info@w-g-v.com<\/a><\/p>\n<h2>Verantwortlich f\u00fcr den Inhalt ist gem\u00e4\u00df \u00a755 Abs. 2 Rundfunkstaatsvertrag (RStV):<\/h2>\n<p>Andr\u00e9 Jungnickel<br \/>\nVorsitzender<br \/>\nStra\u00dfe des 18. M\u00e4rz 2<br \/>\n08340 Schwarzenberg<\/p>\n<p>Tel.: <a title=\"Telefonnummer Wirtschafts- &#038; Gewerbeverein Schwarzenberg e.V. 03774 505999\" href=\"tel:+493774505999\">03774 50 59 99<\/a><br \/>\nMobile: 0173 20 92 24 7<br \/>\nE-Mail: <a title=\"E-Mail Vorstand Wirtschafts- &#038; Gewerbeverein Schwarzenberg e.V.\" href=\"mailto:vorstand@w-g-v.com\">vorstand@w-g-v.com<\/a><\/p>\n<h2>Datenschutzbeauftragter:<\/h2>\n<p>Andr\u00e9 Jungnickel<br \/>\nVorsitzender<br \/>\nStra\u00dfe des 18. M\u00e4rz 2<br \/>\n08340 Schwarzenberg<\/p>\n<p>Tel.: <a title=\"Telefonnummer Wirtschafts- &#038; Gewerbeverein Schwarzenberg e.V. 03774 505999\" href=\"tel:+493774505999\">03774 50 59 99<\/a><br \/>\nMobile: 0173 20 92 24 7<br \/>\nE-Mail: <a title=\"E-Mail Vorstand Wirtschafts- &#038; Gewerbeverein Schwarzenberg e.V.\" href=\"mailto:vorstand@w-g-v.com\">vorstand@w-g-v.com<\/a><\/p>\n<h2>Umsatzsteuer-ID:<\/h2>\n<p>Umsatzsteuer-Identifikationsnummer gem\u00e4\u00df \u00a727a Umsatzsteuergesetz:<\/p>\n<h2>Copyrights:<\/h2>\n<p>Die auf dieser Website ver\u00f6ffentlichten Inhalte unterliegen dem deutschen Urheber- und Leistungsschutzrecht. Jede vom deutschen Urheber- und Leistungsschutzrecht nicht zugelassene Verwertung bedarf der vorherigen schriftlichen Zustimmung von Wirtschafts- &#038; Gewerbeverin Schwarzenberg e.V., Stra\u00dfe des 18. M\u00e4rz 2, 08340 Schwarzenberg. Dies gilt insbesondere f\u00fcr Vervielf\u00e4ltigung, Bearbeitung, \u00dcbersetzung, Einspeicherung, Verarbeitung bzw. Wiedergabe von Inhalten in Datenbanken oder anderen elektronischen Medien und Systemen. Die unerlaubte Vervielf\u00e4ltigung oder Weitergabe einzelner Inhalte oder kompletter Seiten ist nicht gestattet und strafbar.<\/p>\n<h2>Verkn\u00fcpfungen:<\/h2>\n<p>Diese Website enth\u00e4lt Verkn\u00fcpfungen zu Websites Dritter (&#8222;externe Links&#8220;). Diese Websites unterliegen der Haftung der jeweiligen Betreiber. Wirtschafts- &#038; Gewerbeverin Schwarzenberg e.V., Stra\u00dfe des 18. M\u00e4rz 2, 08340 Schwarzenberg, hat bei der erstmaligen Verkn\u00fcpfung der externen Links die fremden Inhalte daraufhin \u00fcberpr\u00fcft, ob etwaige Rechtsverst\u00f6\u00dfe bestehen. Zu dem Zeitpunkt waren keine Rechtsverst\u00f6\u00dfe ersichtlich. Wirtschafts- &#038; Gewerbeverin Schwarzenberg e.V., Stra\u00dfe des 18. M\u00e4rz 2, 08340 Schwarzenberg, hat keinerlei Einfluss auf die aktuelle und zuk\u00fcnftige Gestaltung und auf die Inhalte der verkn\u00fcpften Seiten. Das Setzen von externen Links bedeutet nicht, dass sich Wirtschafts- &#038; Gewerbeverin Schwarzenberg e.V., Stra\u00dfe des 18. M\u00e4rz 2, 08340 Schwarzenberg, die hinter dem Verweis oder Link liegenden Inhalte zu Eigen macht. Eine st\u00e4ndige Kontrolle der externen Links ist f\u00fcr Wirtschafts- &#038; Gewerbeverin Schwarzenberg e.V., Stra\u00dfe des 18. M\u00e4rz 2, 08340 Schwarzenberg, ohne konkrete Hinweise auf Rechtsverst\u00f6\u00dfe nicht zumutbar. Bei Kenntnis von Rechtsverst\u00f6\u00dfen werden jedoch derartige externe Links unverz\u00fcglich gel\u00f6scht.<\/p>\n<\/div><\/section>\n","protected":false},"excerpt":{"rendered":"","protected":false},"author":1,"featured_media":0,"parent":0,"menu_order":0,"comment_status":"closed","ping_status":"closed","template":"","meta":{"footnotes":""},"class_list":["post-176","page","type-page","status-publish","hentry"],"_links":{"self":[{"href":"https:\/\/vugelbeerwochen.de\/index.php\/wp-json\/wp\/v2\/pages\/176","targetHints":{"allow":["GET"]}}],"collection":[{"href":"https:\/\/vugelbeerwochen.de\/index.php\/wp-json\/wp\/v2\/pages"}],"about":[{"href":"https:\/\/vugelbeerwochen.de\/index.php\/wp-json\/wp\/v2\/types\/page"}],"author":[{"embeddable":true,"href":"https:\/\/vugelbeerwochen.de\/index.php\/wp-json\/wp\/v2\/users\/1"}],"replies":[{"embeddable":true,"href":"https:\/\/vugelbeerwochen.de\/index.php\/wp-json\/wp\/v2\/comments?post=176"}],"version-history":[{"count":4,"href":"https:\/\/vugelbeerwochen.de\/index.php\/wp-json\/wp\/v2\/pages\/176\/revisions"}],"predecessor-version":[{"id":186,"href":"https:\/\/vugelbeerwochen.de\/index.php\/wp-json\/wp\/v2\/pages\/176\/revisions\/186"}],"wp:attachment":[{"href":"https:\/\/vugelbeerwochen.de\/index.php\/wp-json\/wp\/v2\/media?parent=176"}],"curies":[{"name":"wp","href":"https:\/\/api.w.org\/{rel}","templated":true}]}}

<section  class='av_textblock_section av-mca1uxfw-94a308898e6dde92abfdcd30588f0727 '   itemscope="itemscope" itemtype="https://schema.org/CreativeWork" ><div class='avia_textblock'  itemprop="text" ><h2 style="text-align: center;">Impressum</h2>
</div></section>
<section  class='av_textblock_section av-mca2grro-e33c4a6900d23b736e1a281a64aa17c6 '   itemscope="itemscope" itemtype="https://schema.org/CreativeWork" ><div class='avia_textblock'  itemprop="text" ><h2>Angaben gemäß § 5 TMG:</h2>
<p>Vugelbeerwochen<br />
Straße des 18. März 2<br />
08340 Schwarzenberg</p>
<p>Tel.: <a title="Telefonnummer Wirtschafts- &#038; Gewerbeverein Schwarzenberg e.V. 03774 505999" href="tel:+493774505999">03774 50 59 99</a><br />
Mobile: 0173 20 92 24 7<br />
E-Mail: <a title="E-Mail Wirtschafts- &#038; Gewerbeverein Schwarzenberg e.V." href="mailto:info@w-g-v.com">info@w-g-v.com</a></p>
<h2>Verantwortlich für den Inhalt ist gemäß §55 Abs. 2 Rundfunkstaatsvertrag (RStV):</h2>
<p>André Jungnickel<br />
Vorsitzender<br />
Straße des 18. März 2<br />
08340 Schwarzenberg</p>
<p>Tel.: <a title="Telefonnummer Wirtschafts- &#038; Gewerbeverein Schwarzenberg e.V. 03774 505999" href="tel:+493774505999">03774 50 59 99</a><br />
Mobile: 0173 20 92 24 7<br />
E-Mail: <a title="E-Mail Vorstand Wirtschafts- &#038; Gewerbeverein Schwarzenberg e.V." href="mailto:vorstand@w-g-v.com">vorstand@w-g-v.com</a></p>
<h2>Datenschutzbeauftragter:</h2>
<p>André Jungnickel<br />
Vorsitzender<br />
Straße des 18. März 2<br />
08340 Schwarzenberg</p>
<p>Tel.: <a title="Telefonnummer Wirtschafts- &#038; Gewerbeverein Schwarzenberg e.V. 03774 505999" href="tel:+493774505999">03774 50 59 99</a><br />
Mobile: 0173 20 92 24 7<br />
E-Mail: <a title="E-Mail Vorstand Wirtschafts- &#038; Gewerbeverein Schwarzenberg e.V." href="mailto:vorstand@w-g-v.com">vorstand@w-g-v.com</a></p>
<h2>Umsatzsteuer-ID:</h2>
<p>Umsatzsteuer-Identifikationsnummer gemäß §27a Umsatzsteuergesetz:</p>
<h2>Copyrights:</h2>
<p>Die auf dieser Website veröffentlichten Inhalte unterliegen dem deutschen Urheber- und Leistungsschutzrecht. Jede vom deutschen Urheber- und Leistungsschutzrecht nicht zugelassene Verwertung bedarf der vorherigen schriftlichen Zustimmung von Wirtschafts- &#038; Gewerbeverin Schwarzenberg e.V., Straße des 18. März 2, 08340 Schwarzenberg. Dies gilt insbesondere für Vervielfältigung, Bearbeitung, Übersetzung, Einspeicherung, Verarbeitung bzw. Wiedergabe von Inhalten in Datenbanken oder anderen elektronischen Medien und Systemen. Die unerlaubte Vervielfältigung oder Weitergabe einzelner Inhalte oder kompletter Seiten ist nicht gestattet und strafbar.</p>
<h2>Verknüpfungen:</h2>
<p>Diese Website enthält Verknüpfungen zu Websites Dritter (&#8222;externe Links&#8220;). Diese Websites unterliegen der Haftung der jeweiligen Betreiber. Wirtschafts- &#038; Gewerbeverin Schwarzenberg e.V., Straße des 18. März 2, 08340 Schwarzenberg, hat bei der erstmaligen Verknüpfung der externen Links die fremden Inhalte daraufhin überprüft, ob etwaige Rechtsverstöße bestehen. Zu dem Zeitpunkt waren keine Rechtsverstöße ersichtlich. Wirtschafts- &#038; Gewerbeverin Schwarzenberg e.V., Straße des 18. März 2, 08340 Schwarzenberg, hat keinerlei Einfluss auf die aktuelle und zukünftige Gestaltung und auf die Inhalte der verknüpften Seiten. Das Setzen von externen Links bedeutet nicht, dass sich Wirtschafts- &#038; Gewerbeverin Schwarzenberg e.V., Straße des 18. März 2, 08340 Schwarzenberg, die hinter dem Verweis oder Link liegenden Inhalte zu Eigen macht. Eine ständige Kontrolle der externen Links ist für Wirtschafts- &#038; Gewerbeverin Schwarzenberg e.V., Straße des 18. März 2, 08340 Schwarzenberg, ohne konkrete Hinweise auf Rechtsverstöße nicht zumutbar. Bei Kenntnis von Rechtsverstößen werden jedoch derartige externe Links unverzüglich gelöscht.</p>
</div></section>
