{"id":141,"date":"2025-06-17T05:57:46","date_gmt":"2025-06-17T05:57:46","guid":{"rendered":"https:\/\/server-82.de\/vugelbeerwochen\/?post_type=tribe_events&#038;p=141"},"modified":"2025-09-15T05:22:32","modified_gmt":"2025-09-15T05:22:32","slug":"lauterer-vugelbeerfast","status":"publish","type":"tribe_events","link":"https:\/\/vugelbeerwochen.de\/index.php\/event\/lauterer-vugelbeerfast\/","title":{"rendered":"Lauterer Vugelbeerfast"},"content":{"rendered":"<p>Feiern mit Tradition und Herz \u2013 Kirmes &amp; Vugelbeerfast<\/p>\n<p>Jedes Jahr im Sp\u00e4tsommer und Fr\u00fchherbst l\u00e4dt die Stadt Lauter-Bernsbach zu zwei stimmungsvollen Festen mit langer Tradition ein:<\/p>\n<p>Im Ortsteil Bernsbach findet am 20. und 21. September 2025 die beliebte Kirmes rund um den malerischen Dorfplatz statt. Wenige Wochen sp\u00e4ter, vom 3. bis 5. Oktober 2025, \u00f6ffnet das 29. Lauterer Vugelbeerfast im Ortsteil Lauter seine Tore.<\/p>\n<p>Zwischen dem Marktplatz und dem Gel\u00e4nde der Firma Lautergold erwartet die Besucherinnen und Besucher ein buntes Festwochenende voller Lebensfreude:<\/p>\n<p>Ein liebevoll geschm\u00fccktes Festzelt mit abwechslungsreichem Programm, Musikanten auf mehreren B\u00fchnen, ein herbstlich bunter Markt mit H\u00e4ndlern und kulinarischen Leckereien, Flohmarkt, familienfreundliche Aktionen f\u00fcr Gro\u00df und Klein, \u201eKr\u00f6nchenwanderung\u201c mit der Vugelbeerk\u00f6nigin und ihren Gasthoheiten, Ausstellungen rund ums Vereinsleben sowie zahlreiche \u00dcberraschungen, f\u00fcr jede Generation ist etwas dabei.<\/p>\n<p>Besondere H\u00f6hepunkte des Vugelbeerfasts sind die stimmungsvollen Abendveranstaltungen im Festzelt, der Auftritt von Volksfestk\u00f6niginnen mit Autogrammstunde sowie das gro\u00dfe musikalische Feuerwerk als kr\u00f6nender Abschluss am Sonntagabend.<\/p>\n<p>Herzlich willkommen in Lauter-Bernsbach, zur Vugelbeerzeit erleben Sie Erzgebirgstradition in ihrer sch\u00f6nsten Form.<\/p>\n","protected":false},"excerpt":{"rendered":"<p>Feiern mit Tradition und Herz \u2013 Kirmes &amp; Vugelbeerfast Jedes Jahr im Sp\u00e4tsommer und Fr\u00fchherbst l\u00e4dt die Stadt Lauter-Bernsbach zu zwei stimmungsvollen Festen mit langer Tradition ein: Im Ortsteil Bernsbach [&hellip;]<\/p>\n","protected":false},"author":1,"featured_media":0,"template":"","meta":{"_tribe_events_status":"","_tribe_events_status_reason":"","footnotes":""},"tags":[],"tribe_events_cat":[],"class_list":["post-141","tribe_events","type-tribe_events","status-publish","hentry"],"_links":{"self":[{"href":"https:\/\/vugelbeerwochen.de\/index.php\/wp-json\/wp\/v2\/tribe_events\/141","targetHints":{"allow":["GET"]}}],"collection":[{"href":"https:\/\/vugelbeerwochen.de\/index.php\/wp-json\/wp\/v2\/tribe_events"}],"about":[{"href":"https:\/\/vugelbeerwochen.de\/index.php\/wp-json\/wp\/v2\/types\/tribe_events"}],"author":[{"embeddable":true,"href":"https:\/\/vugelbeerwochen.de\/index.php\/wp-json\/wp\/v2\/users\/1"}],"version-history":[{"count":3,"href":"https:\/\/vugelbeerwochen.de\/index.php\/wp-json\/wp\/v2\/tribe_events\/141\/revisions"}],"predecessor-version":[{"id":406,"href":"https:\/\/vugelbeerwochen.de\/index.php\/wp-json\/wp\/v2\/tribe_events\/141\/revisions\/406"}],"wp:attachment":[{"href":"https:\/\/vugelbeerwochen.de\/index.php\/wp-json\/wp\/v2\/media?parent=141"}],"wp:term":[{"taxonomy":"post_tag","embeddable":true,"href":"https:\/\/vugelbeerwochen.de\/index.php\/wp-json\/wp\/v2\/tags?post=141"},{"taxonomy":"tribe_events_cat","embeddable":true,"href":"https:\/\/vugelbeerwochen.de\/index.php\/wp-json\/wp\/v2\/tribe_events_cat?post=141"}],"curies":[{"name":"wp","href":"https:\/\/api.w.org\/{rel}","templated":true}]}}

<p>Feiern mit Tradition und Herz – Kirmes &amp; Vugelbeerfast</p>
<p>Jedes Jahr im Spätsommer und Frühherbst lädt die Stadt Lauter-Bernsbach zu zwei stimmungsvollen Festen mit langer Tradition ein:</p>
<p>Im Ortsteil Bernsbach findet am 20. und 21. September 2025 die beliebte Kirmes rund um den malerischen Dorfplatz statt. Wenige Wochen später, vom 3. bis 5. Oktober 2025, öffnet das 29. Lauterer Vugelbeerfast im Ortsteil Lauter seine Tore.</p>
<p>Zwischen dem Marktplatz und dem Gelände der Firma Lautergold erwartet die Besucherinnen und Besucher ein buntes Festwochenende voller Lebensfreude:</p>
<p>Ein liebevoll geschmücktes Festzelt mit abwechslungsreichem Programm, Musikanten auf mehreren Bühnen, ein herbstlich bunter Markt mit Händlern und kulinarischen Leckereien, Flohmarkt, familienfreundliche Aktionen für Groß und Klein, „Krönchenwanderung“ mit der Vugelbeerkönigin und ihren Gasthoheiten, Ausstellungen rund ums Vereinsleben sowie zahlreiche Überraschungen, für jede Generation ist etwas dabei.</p>
<p>Besondere Höhepunkte des Vugelbeerfasts sind die stimmungsvollen Abendveranstaltungen im Festzelt, der Auftritt von Volksfestköniginnen mit Autogrammstunde sowie das große musikalische Feuerwerk als krönender Abschluss am Sonntagabend.</p>
<p>Herzlich willkommen in Lauter-Bernsbach, zur Vugelbeerzeit erleben Sie Erzgebirgstradition in ihrer schönsten Form.</p>

<p>Feiern mit Tradition und Herz – Kirmes &amp; Vugelbeerfast Jedes Jahr im Spätsommer und Frühherbst lädt die Stadt Lauter-Bernsbach zu zwei stimmungsvollen Festen mit langer Tradition ein: Im Ortsteil Bernsbach [&hellip;]</p>
