{"id":150,"date":"2025-06-17T06:06:19","date_gmt":"2025-06-17T06:06:19","guid":{"rendered":"https:\/\/server-82.de\/vugelbeerwochen\/?post_type=tribe_events&#038;p=150"},"modified":"2025-07-22T11:45:19","modified_gmt":"2025-07-22T11:45:19","slug":"erntedank-fest","status":"publish","type":"tribe_events","link":"https:\/\/vugelbeerwochen.de\/index.php\/event\/erntedank-fest\/","title":{"rendered":"Erntedank-Fest"},"content":{"rendered":"<p>Bunter Herbst-Brunch \u201eErntedank-Fest\u201c mit kalt-warmen B\u00fcfett mit vielen aus heimischen W\u00e4ldern, Feldern und von heimischer Flur (u.a. auch mit Wildbraten und Vugelbeerspeziali\u00e4ten)<br \/>\n<img decoding=\"async\" class=\"wp-image-313 alignright lazyload\" data-src=\"https:\/\/vugelbeerwochen.de\/wp-content\/uploads\/2025\/06\/20190628_175716-300x225.jpg\" alt=\"\" width=\"344\" height=\"258\" src=\"data:image\/svg+xml;base64,PHN2ZyB3aWR0aD0iMSIgaGVpZ2h0PSIxIiB4bWxucz0iaHR0cDovL3d3dy53My5vcmcvMjAwMC9zdmciPjwvc3ZnPg==\" style=\"--smush-placeholder-width: 344px; --smush-placeholder-aspect-ratio: 344\/258;\" \/><\/p>\n","protected":false},"excerpt":{"rendered":"<p>Bunter Herbst-Brunch \u201eErntedank-Fest\u201c mit kalt-warmen B\u00fcfett mit vielen aus heimischen W\u00e4ldern, Feldern und von heimischer Flur (u.a. auch mit Wildbraten und Vugelbeerspeziali\u00e4ten)<\/p>\n","protected":false},"author":1,"featured_media":0,"template":"","meta":{"_tribe_events_status":"","_tribe_events_status_reason":"","footnotes":""},"tags":[],"tribe_events_cat":[],"class_list":["post-150","tribe_events","type-tribe_events","status-publish","hentry"],"_links":{"self":[{"href":"https:\/\/vugelbeerwochen.de\/index.php\/wp-json\/wp\/v2\/tribe_events\/150","targetHints":{"allow":["GET"]}}],"collection":[{"href":"https:\/\/vugelbeerwochen.de\/index.php\/wp-json\/wp\/v2\/tribe_events"}],"about":[{"href":"https:\/\/vugelbeerwochen.de\/index.php\/wp-json\/wp\/v2\/types\/tribe_events"}],"author":[{"embeddable":true,"href":"https:\/\/vugelbeerwochen.de\/index.php\/wp-json\/wp\/v2\/users\/1"}],"version-history":[{"count":5,"href":"https:\/\/vugelbeerwochen.de\/index.php\/wp-json\/wp\/v2\/tribe_events\/150\/revisions"}],"predecessor-version":[{"id":317,"href":"https:\/\/vugelbeerwochen.de\/index.php\/wp-json\/wp\/v2\/tribe_events\/150\/revisions\/317"}],"wp:attachment":[{"href":"https:\/\/vugelbeerwochen.de\/index.php\/wp-json\/wp\/v2\/media?parent=150"}],"wp:term":[{"taxonomy":"post_tag","embeddable":true,"href":"https:\/\/vugelbeerwochen.de\/index.php\/wp-json\/wp\/v2\/tags?post=150"},{"taxonomy":"tribe_events_cat","embeddable":true,"href":"https:\/\/vugelbeerwochen.de\/index.php\/wp-json\/wp\/v2\/tribe_events_cat?post=150"}],"curies":[{"name":"wp","href":"https:\/\/api.w.org\/{rel}","templated":true}]}}

<p>Bunter Herbst-Brunch „Erntedank-Fest“ mit kalt-warmen Büfett mit vielen aus heimischen Wäldern, Feldern und von heimischer Flur (u.a. auch mit Wildbraten und Vugelbeerspezialiäten)<br />
<img decoding="async" class="wp-image-313 alignright lazyload" data-src="https://vugelbeerwochen.de/wp-content/uploads/2025/06/20190628_175716-300x225.jpg" alt="" width="344" height="258" src="data:image/svg+xml;base64,PHN2ZyB3aWR0aD0iMSIgaGVpZ2h0PSIxIiB4bWxucz0iaHR0cDovL3d3dy53My5vcmcvMjAwMC9zdmciPjwvc3ZnPg==" style="--smush-placeholder-width: 344px; --smush-placeholder-aspect-ratio: 344/258;" /></p>

<p>Bunter Herbst-Brunch „Erntedank-Fest“ mit kalt-warmen Büfett mit vielen aus heimischen Wäldern, Feldern und von heimischer Flur (u.a. auch mit Wildbraten und Vugelbeerspezialiäten)</p>
