{"id":302,"date":"2025-07-14T08:38:30","date_gmt":"2025-07-14T08:38:30","guid":{"rendered":"https:\/\/vugelbeerwochen.de\/?post_type=tribe_events&#038;p=302"},"modified":"2025-07-14T08:40:22","modified_gmt":"2025-07-14T08:40:22","slug":"kaeseschule-roessler-hof-3","status":"publish","type":"tribe_events","link":"https:\/\/vugelbeerwochen.de\/index.php\/event\/kaeseschule-roessler-hof-3\/","title":{"rendered":"K\u00e4seschule mit Vugelbeeren im R\u00f6\u00dfler Hof"},"content":{"rendered":"<p>Sie stellen bei uns aus 5l Milch 3 kleine Mozzarella her. Diese k\u00f6nnen  sie nach eigenen Geschmack und kreativit\u00e4t mit Kr\u00e4utern oder auch mit Vugelveeren verfeinern.<br \/>\nW\u00e4hrend der Herstellung erfolgt eine  kleine k\u00e4severkostung mit 1 Glas Rotwein und Sie erfahren viel \u00fcber K\u00e4se. Im Anschlu\u00df erfolgt eine kleine F\u00fchrung durch unseren  Stall.<br \/>\nNach ca.2,5h kann der 1 K\u00e4se angeschnitten und gegessen werden, klassisch mit Tomate, Brot und einer deftigen Wurstplatte.<br \/>\nPreis: ab 42,00\u20ac\/Pers.<\/p>\n","protected":false},"excerpt":{"rendered":"<p>Sie stellen bei uns aus 5l Milch 3 kleine Mozzarella her. Diese k\u00f6nnen sie nach eigenen Geschmack und kreativit\u00e4t mit Kr\u00e4utern oder auch mit Vugelveeren verfeinern. W\u00e4hrend der Herstellung erfolgt [&hellip;]<\/p>\n","protected":false},"author":1,"featured_media":0,"template":"","meta":{"_tribe_events_status":"","_tribe_events_status_reason":"","footnotes":""},"tags":[],"tribe_events_cat":[],"class_list":["post-302","tribe_events","type-tribe_events","status-publish","hentry"],"_links":{"self":[{"href":"https:\/\/vugelbeerwochen.de\/index.php\/wp-json\/wp\/v2\/tribe_events\/302","targetHints":{"allow":["GET"]}}],"collection":[{"href":"https:\/\/vugelbeerwochen.de\/index.php\/wp-json\/wp\/v2\/tribe_events"}],"about":[{"href":"https:\/\/vugelbeerwochen.de\/index.php\/wp-json\/wp\/v2\/types\/tribe_events"}],"author":[{"embeddable":true,"href":"https:\/\/vugelbeerwochen.de\/index.php\/wp-json\/wp\/v2\/users\/1"}],"version-history":[{"count":2,"href":"https:\/\/vugelbeerwochen.de\/index.php\/wp-json\/wp\/v2\/tribe_events\/302\/revisions"}],"predecessor-version":[{"id":304,"href":"https:\/\/vugelbeerwochen.de\/index.php\/wp-json\/wp\/v2\/tribe_events\/302\/revisions\/304"}],"wp:attachment":[{"href":"https:\/\/vugelbeerwochen.de\/index.php\/wp-json\/wp\/v2\/media?parent=302"}],"wp:term":[{"taxonomy":"post_tag","embeddable":true,"href":"https:\/\/vugelbeerwochen.de\/index.php\/wp-json\/wp\/v2\/tags?post=302"},{"taxonomy":"tribe_events_cat","embeddable":true,"href":"https:\/\/vugelbeerwochen.de\/index.php\/wp-json\/wp\/v2\/tribe_events_cat?post=302"}],"curies":[{"name":"wp","href":"https:\/\/api.w.org\/{rel}","templated":true}]}}

Käseschule mit Vugelbeeren im Rößler Hof

<p>Sie stellen bei uns aus 5l Milch 3 kleine Mozzarella her. Diese können  sie nach eigenen Geschmack und kreativität mit Kräutern oder auch mit Vugelveeren verfeinern.<br />
Während der Herstellung erfolgt eine  kleine käseverkostung mit 1 Glas Rotwein und Sie erfahren viel über Käse. Im Anschluß erfolgt eine kleine Führung durch unseren  Stall.<br />
Nach ca.2,5h kann der 1 Käse angeschnitten und gegessen werden, klassisch mit Tomate, Brot und einer deftigen Wurstplatte.<br />
Preis: ab 42,00€/Pers.</p>

<p>Sie stellen bei uns aus 5l Milch 3 kleine Mozzarella her. Diese können sie nach eigenen Geschmack und kreativität mit Kräutern oder auch mit Vugelveeren verfeinern. Während der Herstellung erfolgt [&hellip;]</p>
