{"id":305,"date":"2025-07-14T09:25:44","date_gmt":"2025-07-14T09:25:44","guid":{"rendered":"https:\/\/vugelbeerwochen.de\/?post_type=tribe_events&#038;p=305"},"modified":"2025-07-14T09:25:44","modified_gmt":"2025-07-14T09:25:44","slug":"schaukaesen-im-roesslerhof","status":"publish","type":"tribe_events","link":"https:\/\/vugelbeerwochen.de\/index.php\/event\/schaukaesen-im-roesslerhof\/","title":{"rendered":"Schauk\u00e4sen im R\u00f6\u00dflerhof"},"content":{"rendered":"<p>Hier wird gemeinsam in einer Gruppe von mindestens 10 Personen ein Laib Bergk\u00e4se hergestellt. W\u00e4hrend der Herstellung erfolgt eine K\u00e4severkoatung und Stallrundgang.<br \/>\nIm Anschlu\u00df kann man gerne noch eine K\u00e4se und Wurstplatte essen.<br \/>\nPreis: 20,00\u20ac zuz\u00fcglich 12,50\u20ac (K\u00e4se und Wurstplatte)<\/p>\n","protected":false},"excerpt":{"rendered":"<p>Hier wird gemeinsam in einer Gruppe von mindestens 10 Personen ein Laib Bergk\u00e4se hergestellt. W\u00e4hrend der Herstellung erfolgt eine K\u00e4severkoatung und Stallrundgang. Im Anschlu\u00df kann man gerne noch eine K\u00e4se [&hellip;]<\/p>\n","protected":false},"author":1,"featured_media":0,"template":"","meta":{"_tribe_events_status":"","_tribe_events_status_reason":"","footnotes":""},"tags":[],"tribe_events_cat":[],"class_list":["post-305","tribe_events","type-tribe_events","status-publish","hentry"],"_links":{"self":[{"href":"https:\/\/vugelbeerwochen.de\/index.php\/wp-json\/wp\/v2\/tribe_events\/305","targetHints":{"allow":["GET"]}}],"collection":[{"href":"https:\/\/vugelbeerwochen.de\/index.php\/wp-json\/wp\/v2\/tribe_events"}],"about":[{"href":"https:\/\/vugelbeerwochen.de\/index.php\/wp-json\/wp\/v2\/types\/tribe_events"}],"author":[{"embeddable":true,"href":"https:\/\/vugelbeerwochen.de\/index.php\/wp-json\/wp\/v2\/users\/1"}],"version-history":[{"count":1,"href":"https:\/\/vugelbeerwochen.de\/index.php\/wp-json\/wp\/v2\/tribe_events\/305\/revisions"}],"predecessor-version":[{"id":306,"href":"https:\/\/vugelbeerwochen.de\/index.php\/wp-json\/wp\/v2\/tribe_events\/305\/revisions\/306"}],"wp:attachment":[{"href":"https:\/\/vugelbeerwochen.de\/index.php\/wp-json\/wp\/v2\/media?parent=305"}],"wp:term":[{"taxonomy":"post_tag","embeddable":true,"href":"https:\/\/vugelbeerwochen.de\/index.php\/wp-json\/wp\/v2\/tags?post=305"},{"taxonomy":"tribe_events_cat","embeddable":true,"href":"https:\/\/vugelbeerwochen.de\/index.php\/wp-json\/wp\/v2\/tribe_events_cat?post=305"}],"curies":[{"name":"wp","href":"https:\/\/api.w.org\/{rel}","templated":true}]}}

Schaukäsen im Rößlerhof

<p>Hier wird gemeinsam in einer Gruppe von mindestens 10 Personen ein Laib Bergkäse hergestellt. Während der Herstellung erfolgt eine Käseverkoatung und Stallrundgang.<br />
Im Anschluß kann man gerne noch eine Käse und Wurstplatte essen.<br />
Preis: 20,00€ zuzüglich 12,50€ (Käse und Wurstplatte)</p>

<p>Hier wird gemeinsam in einer Gruppe von mindestens 10 Personen ein Laib Bergkäse hergestellt. Während der Herstellung erfolgt eine Käseverkoatung und Stallrundgang. Im Anschluß kann man gerne noch eine Käse [&hellip;]</p>
